{"id":3968,"date":"2025-05-20T14:52:40","date_gmt":"2025-05-20T17:52:40","guid":{"rendered":"https:\/\/www.l2maker.com.br\/documentacao\/?page_id=3968"},"modified":"2026-01-13T13:27:27","modified_gmt":"2026-01-13T16:27:27","slug":"api-inteligencia-artificial-maker","status":"publish","type":"page","link":"https:\/\/www.l2maker.com.br\/documentacao\/api-inteligencia-artificial-maker\/","title":{"rendered":"Intelig\u00eancia Artificial"},"content":{"rendered":"\n<p>Esta API integra suas aplica\u00e7\u00f5es Maker com intelig\u00eancias artificiais, permitindo o envio de comandos (prompts) e a leitura de respostas de forma simplificada.<\/p>\n\n\n\n<h2 class=\"wp-block-heading\">\u00daltimas vers\u00f5es<\/h2>\n\n\n<ul class=\"lcp_catlist\" id=\"lcp_instance_0\"><li><a href=\"https:\/\/www.l2maker.com.br\/documentacao\/2026\/01\/inteligencia-artificial-para-maker-versao-1-1-0-de-13-01-2026\/\">Intelig\u00eancia Artificial para Maker vers\u00e3o 1.1.0 de 13\/01\/2026<\/a><\/li><li><a href=\"https:\/\/www.l2maker.com.br\/documentacao\/2025\/05\/inteligencia-artificial-para-maker\/\">Intelig\u00eancia Artificial para Maker vers\u00e3o 1.0.0 de 20\/05\/2025<\/a><\/li><\/ul>\n\n\n\n<blockquote class=\"wp-block-quote is-layout-flow wp-block-quote-is-layout-flow\">\n<p><\/p>\n<\/blockquote>\n\n\n\n<h2 class=\"wp-block-heading\">Fornecedores suportados<\/h2>\n\n\n\n<ul class=\"wp-block-list\">\n<li>OpenIA \/ ChatGPT (<a href=\"https:\/\/openai.com\/api\/\">https:\/\/openai.com\/api\/<\/a>).<\/li>\n<\/ul>\n\n\n\n<h2 class=\"wp-block-heading\">Fun\u00e7\u00f5es no pacote<\/h2>\n\n\n\n<ol class=\"wp-block-list\">\n<li>IA &#8211; Inicializar Conex\u00e3o;<\/li>\n\n\n\n<li>IA &#8211; Listar Modelos;<\/li>\n\n\n\n<li>IA &#8211; Processar Texto;<\/li>\n\n\n\n<li>IA &#8211; Processar Imagem;<\/li>\n\n\n\n<li>IA &#8211; Processar Arquivo.<\/li>\n<\/ol>\n\n\n\n<h2 class=\"wp-block-heading\">Como usar<\/h2>\n\n\n\n<p>O primeiro passo \u00e9 conectar com o fornecedor, em seguida usar as fun\u00e7\u00f5es de enviar textos e\/ou imagens para processar os comandos.<\/p>\n\n\n<ul class=\"lcp_catlist\" id=\"lcp_instance_0\"><li><a href=\"https:\/\/www.l2maker.com.br\/documentacao\/2025\/05\/definindo-funcoes-para-inteligencia-artificial\/\">Definindo fun\u00e7\u00f5es para Intelig\u00eancia artificial<\/a><\/li><li><a href=\"https:\/\/www.l2maker.com.br\/documentacao\/2025\/05\/usando-o-openia-api-no-maker\/\">Usando o OpenAI API no Maker (ChatGPT)<\/a><\/li><\/ul>\n\n\n\n<h2 class=\"wp-block-heading\">Vers\u00e3o de avalia\u00e7\u00e3o (TRIAL)<\/h2>\n\n\n\n<p>A vers\u00e3o de avalia\u00e7\u00e3o pode conter restri\u00e7\u00f5es, entre elas:<\/p>\n\n\n\n<ul class=\"wp-block-list\">\n<li>Supress\u00e3o de respostas por mensagens de avalia\u00e7\u00e3o.<\/li>\n<\/ul>\n","protected":false},"excerpt":{"rendered":"<p>Esta API integra suas aplica\u00e7\u00f5es Maker com intelig\u00eancias artificiais, permitindo o envio de comandos (prompts) e a leitura de respostas de forma simplificada. \u00daltimas vers\u00f5es Fornecedores suportados Fun\u00e7\u00f5es no pacote Como usar O primeiro passo \u00e9 conectar com o fornecedor, em seguida usar as fun\u00e7\u00f5es de enviar textos e\/ou imagens para processar os comandos. Vers\u00e3o [&hellip;]<\/p>\n","protected":false},"author":1,"featured_media":0,"parent":0,"menu_order":0,"comment_status":"closed","ping_status":"closed","template":"","meta":{"footnotes":""},"class_list":["post-3968","page","type-page","status-publish","hentry"],"_links":{"self":[{"href":"https:\/\/www.l2maker.com.br\/documentacao\/wp-json\/wp\/v2\/pages\/3968","targetHints":{"allow":["GET"]}}],"collection":[{"href":"https:\/\/www.l2maker.com.br\/documentacao\/wp-json\/wp\/v2\/pages"}],"about":[{"href":"https:\/\/www.l2maker.com.br\/documentacao\/wp-json\/wp\/v2\/types\/page"}],"author":[{"embeddable":true,"href":"https:\/\/www.l2maker.com.br\/documentacao\/wp-json\/wp\/v2\/users\/1"}],"replies":[{"embeddable":true,"href":"https:\/\/www.l2maker.com.br\/documentacao\/wp-json\/wp\/v2\/comments?post=3968"}],"version-history":[{"count":6,"href":"https:\/\/www.l2maker.com.br\/documentacao\/wp-json\/wp\/v2\/pages\/3968\/revisions"}],"predecessor-version":[{"id":4157,"href":"https:\/\/www.l2maker.com.br\/documentacao\/wp-json\/wp\/v2\/pages\/3968\/revisions\/4157"}],"wp:attachment":[{"href":"https:\/\/www.l2maker.com.br\/documentacao\/wp-json\/wp\/v2\/media?parent=3968"}],"curies":[{"name":"wp","href":"https:\/\/api.w.org\/{rel}","templated":true}]}}